{"id":19,"date":"2026-02-05T11:49:58","date_gmt":"2026-02-05T11:49:58","guid":{"rendered":"https:\/\/metopcro.ifzg.hr\/?page_id=19"},"modified":"2026-02-05T14:07:15","modified_gmt":"2026-02-05T14:07:15","slug":"o-projektu","status":"publish","type":"page","link":"https:\/\/metopcro.ifzg.hr\/index.php\/o-projektu\/","title":{"rendered":"O projektu"},"content":{"rendered":"\n<p style=\"text-align: justify;\">U projektu \u201eMetafizi\u010dke teme u hrvatskih renesansnih aristotelovaca\u201c (MeTopCro) istra\u017eit \u0107emo doprinos hrvatskih aristotelovaca raspravama koje su reprezentativne za cjelokupnu filozofiju u razdoblju renesanse. Konkretnije, (1) prou\u010dit \u0107emo i dati cjelovitu ocjenu poimanja besmrtnosti du\u0161e Nikole Vitova Gu\u010deti\u0107a, \u0161to je problem renesansne filozofije <em>par excellence<\/em>, (2) produbit \u0107emo sliku Gu\u010deti\u0107eva knji\u017eevno-filozofskog stvarala\u0161tva fokusiranim istra\u017eivanjima arhivske gra\u0111e, (3) prou\u010dit \u0107emo i ocijeniti racionalnu kritiku astrologije Jurja Dubrov\u010danina iz perspektive astronomije kao matemati\u010dke znanosti, (4) ispitat \u0107emo smjele inovacije Matije Frki\u0107a u metafizici, konkretno u kozmologiji gdje je odustao od aristotelovske teze o petom elementu kao gra\u0111i nebeskih tijela te u inovativnom tuma\u010denju anti\u010dkog aksioma da ni\u0161ta ne mo\u017ee proiza\u0107i iz ni\u010dega, \u0161to je valjalo pomiriti s naukom iz biblijske Knjige Postanka. Ova \u010detiri pravca istra\u017eivanja pridonijet \u0107e dobro utemeljenoj procjeni izvornosti i doprinosa hrvatskog renesansnog aristotelizma europskoj filozofiji i znanosti.<\/p>\n\n\n\n<p><\/p>\n","protected":false},"excerpt":{"rendered":"<p>U projektu \u201eMetafizi\u010dke teme u hrvatskih renesansnih aristotelovaca\u201c (MeTopCro) istra\u017eit \u0107emo doprinos hrvatskih aristotelovaca raspravama koje su reprezentativne za cjelokupnu&hellip;<\/p>\n","protected":false},"author":4,"featured_media":0,"parent":0,"menu_order":0,"comment_status":"closed","ping_status":"closed","template":"","meta":{"footnotes":""},"class_list":["post-19","page","type-page","status-publish","hentry"],"_links":{"self":[{"href":"https:\/\/metopcro.ifzg.hr\/index.php\/wp-json\/wp\/v2\/pages\/19","targetHints":{"allow":["GET"]}}],"collection":[{"href":"https:\/\/metopcro.ifzg.hr\/index.php\/wp-json\/wp\/v2\/pages"}],"about":[{"href":"https:\/\/metopcro.ifzg.hr\/index.php\/wp-json\/wp\/v2\/types\/page"}],"author":[{"embeddable":true,"href":"https:\/\/metopcro.ifzg.hr\/index.php\/wp-json\/wp\/v2\/users\/4"}],"replies":[{"embeddable":true,"href":"https:\/\/metopcro.ifzg.hr\/index.php\/wp-json\/wp\/v2\/comments?post=19"}],"version-history":[{"count":5,"href":"https:\/\/metopcro.ifzg.hr\/index.php\/wp-json\/wp\/v2\/pages\/19\/revisions"}],"predecessor-version":[{"id":138,"href":"https:\/\/metopcro.ifzg.hr\/index.php\/wp-json\/wp\/v2\/pages\/19\/revisions\/138"}],"wp:attachment":[{"href":"https:\/\/metopcro.ifzg.hr\/index.php\/wp-json\/wp\/v2\/media?parent=19"}],"curies":[{"name":"wp","href":"https:\/\/api.w.org\/{rel}","templated":true}]}}